digit of t?
1
Let m be (1 - 3 - -2)/1. Suppose 0 = 5*c - 4*w + 16, -3*c + m*w - 2*w = -8. Let l = 9 + c. What is the units digit of l?
9
Suppose -3*l - 13*l + 752 = 0. What is the units digit of l?
7
Suppose 5 = 5*r - 2*c, -3 + 7 = 4*r - 2*c. Let d = 2 + r. What is the units digit of d?
3
Let f(b) = -b**3 - 19*b**2 - 22*b - 41. What is the units digit of f(-18)?
1
What is the units digit of -1 - (-2 - -2 - 188)?
7
What is the tens digit of ((-6)/(-3) - (-3)/(-3))*127?
2
Let s(x) = 25*x + 3. What is the units digit of s(3)?
8
Let z be (4 - 2)*(-1)/(-2). Let t(b) = 2*b + 1. Let n be t(z). Suppose 2*r - n*r = -2. What is the units digit of r?
2
Let i be 6/4 - (-31)/(-2). What is the units digit of (i/(-6) - 2)*6?
2
Suppose 0*l + 4*l - 36 = 0. What is the units digit of l?
9
Let t = -88 + 258. What is the hundreds digit of t?
1
Let s(b) be the third derivative of b**5/60 - b**4/24 - 5*b**3/6 - 3*b**2. What is the units digit of s(4)?
7
Let r(x) = -3*x - 12. What is the tens digit of r(-10)?
1
What is the units digit of 4/(-6) + (-1290)/(-18)?
1
Suppose 0 = -3*z + 5*z - 4. Suppose 33 = z*y + 5*b, -b - 21 - 48 = -5*y. What is the units digit of y?
4
Let j be (-1)/4 - (-6)/(-8). Let w be (6/9)/(j/(-21)). What is the units digit of 36/21 - (-4)/w?
2
Suppose -2*u + h + 30 = 9, -5*h = -3*u + 49. What is the units digit of u?
8
What is the tens digit of 1*(2 - -1 - -14)?
1
Let v be 21/3 + (1 - 2). Let q(x) = x + 5. What is the units digit of q(v)?
1
Let q(u) = -u**2 - 9*u. Let p be q(-7). Suppose 3*b + 5 = -4*y, -4*b + 2*y + p = -16. What is the units digit of (b/(-4))/((-3)/12)?
5
Let j = -147 + 211. Let d be -24*(-2)/(-8)*-2. What is the units digit of 2/(-6) + j/d?
5
Suppose y - 5*j = 30, y - 2*j = 2*j + 26. What is the units digit of y?
0
Suppose -122 = -2*c - 8. Suppose -2*p - p = -c. What is the units digit of p?
9
Suppose 0*c + 3 = -c. Let v be (-1)/c - 44/(-12). Suppose -w + v = -7. What is the units digit of w?
1
Suppose 20 = 5*b + 5*h, -5*b = -4*h + 6 - 26. What is the units digit of (b + -1 - -22) + 1?
6
Let l = -11 - -26. Suppose -2*u + 5*c = -l, 2*u = -0*c + 4*c + 14. What is the units digit of u?
5
Suppose 5*n - 144 = 146. What is the units digit of n?
8
Suppose -13*z + 812 = -6*z. What is the units digit of z?
6
Let n(y) = -y + 9. Let t be n(7). Suppose -17 = -t*j + 17. What is the units digit of j?
7
Let b = 25 + -7. Suppose 5*q - s - b = 0, -5*s = -q + 5*q - 26. What is the units digit of q?
4
Let j be (3 - 2)/(10/4 + -2). Let p = 0 + 0. Suppose j*n - 5*d - 18 - 8 = 0, 3*n + 2*d - 20 = p. What is the units digit of n?
8
Let q(u) = u + 16. Let a be q(-14). What is the units digit of 2/8*(a - -18)?
5
Suppose -3*a - 2*i + 4 = -a, -5*i = 5. Suppose -2*m + a*v = -21, 15 = m - v + 4*v. What is the units digit of m?
2
What is the tens digit of 209 + 5 + 0 - -2?
1
Let h be (-4 - -5 - 2)*-3. Suppose g = -2*g + h*a + 117, -2*g + 75 = -3*a. What is the units digit of g?
2
Let c be (-27)/(-6)*(-8)/(-6). Suppose -c*g + 4*g - 12 = 0. Let p = 9 + g. What is the units digit of p?
3
What is the hundreds digit of -4 + ((-2)/(-6))/(9/3321)?
1
Let o = 42 - -16. What is the units digit of o?
8
Suppose 4*z + 3 + 5 = 0. Let w(x) be the third derivative of -x**6/120 - x**4/24 - x**3/3 + x**2. What is the units digit of w(z)?
8
Let a be (2 + 3)*(1 - 0). Suppose a*m - 29 = -w, -m = -2*w - w + 39. What is the tens digit of w?
1
Suppose 0 = l + 2*l - 15. Suppose -l*a = -a. What is the units digit of (a + 1)*(0 + 6)?
6
Let g = 728 - 431. What is the units digit of g?
7
Let b be 0 + -1 - 6/6. Suppose 0 = -3*j - 6. What is the units digit of (2/b)/(1 + j)?
1
Let t(r) = r**3 + 4*r**2 - 2. Suppose 2*y - d = -2*d + 1, -4*d = -3*y + 7. Let b be y/(-3) + 16/(-6). What is the units digit of t(b)?
7
Let g = 18 + -32. Let t = g - -10. What is the units digit of 2/t - (-21)/2?
0
Suppose -i = 5*b - 50, 4*i - 21 = 4*b - 61. Let z = 21 - b. What is the tens digit of z?
1
What is the units digit of (-4)/6*9/(-2)?
3
Let j = -26 + 75. Suppose 0 = -2*y + 21 + j. Suppose -2*m = 3*m - y. What is the units digit of m?
7
Suppose 2*k + k - 12 = 0. Suppose -k*u = -5 - 15. What is the units digit of u?
5
Suppose -x = 5*r - 105, 4*r - 2*x - 3*x = 84. What is the tens digit of r?
2
Suppose 7*s = 468 + 1289. What is the tens digit of s?
5
Let c be (2 + 0)*(-3)/(-2). Suppose -2*z + 3*v = -76, c*v - 4 = -10. What is the tens digit of z?
3
Suppose -4*u + 12 = 8. What is the units digit of u?
1
Suppose 19 = 3*a + 7. What is the units digit of a?
4
Let f(a) be the second derivative of -5*a**4/6 - a**3/6 - 2*a. Let q be f(-1). Let t = -3 - q. What is the units digit of t?
6
Let l(n) = -n**3 + 6*n**2 + 2*n + 4. What is the units digit of l(5)?
9
Let g = -29 - -17. Let i = 45 + g. Suppose -2*p = p - i. What is the units digit of p?
1
Let f = 2 + 10. What is the tens digit of (f + -2)/(2/4)?
2
Suppose 0 = r + 2*r - 15. Suppose -2*h = -3*w + 3 - 26, -w - 90 = -r*h. What is the units digit of h?
9
Let n = 234 - 75. What is the units digit of n?
9
Suppose -z - b - 35 + 238 = 0, 3*b = 6. What is the tens digit of z?
0
Let w = 463 + -270. What is the hundreds digit of w?
1
Suppose 0 = -5*f - 15 + 40. What is the units digit of f + (4 - (0 + 2))?
7
Let n(v) = -v**3 - 4*v**2 + 6*v - 2. Let x be n(-5). Let c = x - -13. What is the units digit of (-3)/c - 30/(-4)?
7
Let g = -14 - -39. What is the units digit of g?
5
Let c(d) = 6 + 0*d**2 - 9*d**2 - d + 0*d + 8*d**2. Suppose -4*r = -0*r. What is the units digit of c(r)?
6
Suppose 0 = -j - j - 46. Let h = -14 - j. Suppose -2*k + h + 1 = 0. What is the units digit of k?
5
Let z(o) = -6*o**3 - 3*o**2 - 4*o - 1. What is the tens digit of z(-2)?
4
Suppose 5*s = 4*i + 608, -2*s = -s + 5*i - 110. Let b = 169 - s. What is the tens digit of b?
4
Suppose 7*u - 3*u = -2*k - 6, -k = -u + 6. What is the units digit of u?
1
Let k(h) be the first derivative of -h**3/6 + 3*h**2/2 - h + 2. Let f(q) be the first derivative of k(q). What is the units digit of f(0)?
3
Let l be 5*2*(-8)/(-16). Let q = l - 4. What is the units digit of q?
1
Suppose -5*w = -4*b + 6, 2*b + w = 6 + 4. Let p(o) = 8*o + 5. What is the units digit of p(b)?
7
Suppose b - 17 = -2*m + 2*b, -4*m = -3*b - 35. Suppose -2*j + 3*j - m = 0. What is the units digit of j?
8
What is the tens digit of (-4)/(-6) - 188/(-6)?
3
Let d = 5 + -10. Let o be (-1 - 3) + 3 + -1. Let w = o - d. What is the units digit of w?
3
Suppose 0 = 6*h - 25 - 203. What is the units digit of h?
8
Suppose 3*c - 4 - 5 = 0. Let m be 93/9*c - 0. Let p = m - 17. What is the units digit of p?
4
Let p be (64/10)/((-1)/5). Let y = p - -56. Let d = y - 15. What is the units digit of d?
9
Let u(x) = 10*x**2 - 7*x - 6 + 0 - 2 - x**3. Suppose 0 = 3*w - 4*y - 27, -2*y - 45 = -5*w - 7*y. What is the units digit of u(w)?
0
Let q(v) = v**3 + 6*v**2 + 3*v - 6. Let m be q(-5). Let n = 7 - 2. What is the units digit of 27/n - m/10?
5
Suppose -2 = -l, 0*z = 3*z - l - 337. What is the tens digit of z?
1
Suppose 180 = 4*h - 2*b + 6*b, -5*h - 4*b = -228. What is the tens digit of h?
4
Suppose 3*x + 3*h + 105 = 5*x, 5*x - 230 = h. What is the units digit of x?
5
Let u = 16 - 8. Suppose -u - 18 = -l. What is the tens digit of l?
2
Suppose -3*a + 2*n - 2 = -0*a, 5*n = -a + 5. Suppose a*m + k = -3*m + 62, 80 = 4*m + 4*k. What is the tens digit of m?
2
Let r = -2 - -6. Suppose s + r - 1 = 0. Let x = -1 - s. What is the units digit of x?
2
Let n(m) be the first derivative of -37*m**4/4 + m + 1. Let a be n(-1). Suppose 5*p = j - 11 - 10, 4*j + 3*p = a. What is the tens digit of j?
1
Let w(b) = b**3 - 6*b**2 - b + 5. Let g be w(6). What is the tens digit of ((-3)/(-6))/g*-110?
5
Let y(h) = h + 13. Let v be y(-8). Suppose -v = 3*c - 17. Suppose -35 = -c*q - q. What is the units digit of q?
7
Let o be (-17)/(-4) + 3/(-12). Suppose -3*c - 20 = -2*m + 3*m, 10 = -3*c + o*m. What is the units digit of (-34)/c - (-4)/(-6)?
5
Let i = -23 + 94. What is the units digit of i?
1
Suppose -2*m = -4*m + 12. Let l = -1 - 0. What is the units digit of (-1)/(l/m) + 2?
8
Suppose 0 = -5*c + 15, 2*c - c = 4*k - 13. Suppose s - 20 = -k*s. What is the units digit of s?
4
Let w be (-728)/(-5) - (-2)/5. Suppose 5*m = w + 54. Suppose 0 = 2*u + 3*u - m. What is the units digit of u?
8
What is 